ulate the highest common factor of s and 4.
4
Let i(n) = 141*n - 5079. Let o be i(38). Suppose -3*p - 133 = -691. What is the greatest common divisor of o and p?
93
Let m(y) be the third derivative of -1/24*y**4 + 2/15*y**5 + 30*y**2 + 0*y + 0 - 2/3*y**3. Let k be m(2). What is the greatest common divisor of 39 and k?
13
Let t be (-28)/(-8)*-2*8/(-14). Let o be 4/(-2) + t + 1. Suppose -12 = -3*d, 5*k + 0*d - 117 = -o*d. Calculate the greatest common divisor of 147 and k.
21
Let x(k) = 26*k - 77. Let o be x(10). Let w = 215 - o. What is the greatest common factor of w and 40?
8
Suppose -29*j = 9*j - 16226. Let u be j/11 + 22/121. What is the greatest common divisor of u and 663?
39
Let u(l) = -438*l - 20577. Let r be u(-47). Let i be 4/(-18) - 330/(-27). Calculate the greatest common factor of i and r.
3
Let y be -1715*16/(-12)*27/45. What is the greatest common divisor of 140 and y?
28
Suppose -636 = -5*b + 2*g, 2*b + 94*g - 90*g - 288 = 0. What is the greatest common factor of 3580 and b?
10
Let b be 8/(-2)*(-4 + -92 + 7). Suppose -b = 3*k - 401. What is the greatest common divisor of k and 645?
15
Let g = -362 - -614. Let j be (g/(-20))/(4/(-20)). Calculate the greatest common factor of j and 28.
7
Suppose -25*r + 4*r - 140 = -350. Let j be (0 - 15/12)*-8. What is the greatest common divisor of j and r?
10
Let u = 53 - 37. Suppose 2*y + 3*l - 7 = y, 2*y = 4*l - 16. Let g be (y/(-1))/((-6)/(-12)). What is the greatest common factor of u and g?
4
Let s = 67 - 67. Suppose g - 3*p = -1, -p = -5*g - s*p + 37. Suppose 0 = x - 2*k - 2, -4*x - 4*k + g = -60. What is the greatest common divisor of x and 9?
3
Suppose 2*k = 5*z + 50 + 76, 2*z - 151 = -3*k. Suppose -k*p = -58*p + 560. What is the greatest common factor of p and 56?
56
Suppose -p - 1383 = -s, 0 = -5*s - 3*p + 7113 - 166. Suppose s - 267 = 8*l. Suppose 0 = 54*c - 59*c + l. Calculate the greatest common divisor of c and 224.
28
Suppose 602*f = 607*f - 1265. Suppose 0 = 5*y + 4*a - 111 - 8, 2*a + 44 = 2*y. Calculate the greatest common divisor of y and f.
23
Let w(f) = 15*f**3 - 3*f**2 + 5*f - 1. Suppose 5*c - 19 = b, 24 = -7*b + 11*b + 5*c. Let s be w(b). Calculate the highest common divisor of s and 256.
16
Let t = -37 + 44. Let k(b) = -b**3 + 2*b + 5. Let u be k(0). Suppose 16 = t*l - u. Calculate the greatest common divisor of l and 15.
3
Suppose 601 = 17*f - 691. Suppose 2*b - 30 - 16 = j, 0 = -2*j - 5*b - 83. Let w = j + f. What is the greatest common factor of 80 and w?
16
Let s(a) = 907*a**3 - 17*a**2 + 32*a - 2. Let r be s(2). Calculate the greatest common divisor of r and 58.
58
Suppose -s - 104 = -2*c, 0*s + 4*s + 260 = 5*c. Calculate the greatest common divisor of 1261 and c.
13
Let x = -77 + 67. Let o be x/15 + 11/3. Suppose 164 = 4*m - 3*t, -40 = 2*m - o*m + t. Calculate the highest common divisor of m and 220.
44
Suppose 814 = -2705*y + 2733*y - 2126. Suppose g - 3*c - 6 = 0, -32 = -3*g - c + 36. What is the greatest common factor of g and y?
21
Let j = 26033 - 17957. What is the greatest common divisor of j and 12?
12
Suppose 4*d = d + 96. Let f be 1*(0 + 0) + d. Suppose -2*r + 80 = 64. Calculate the greatest common factor of f and r.
8
Let j(i) = 7*i + 26. Let v(f) = f. Let x be (-1 + -2 + 4)*1. Let z(y) = x*v(y) - j(y). Let b be z(-6). What is the greatest common divisor of b and 10?
10
Suppose -s + 97 = 2*q, 2*s - q + 74 - 288 = 0. Calculate the highest common divisor of s and 672.
21
Suppose -828*i - 7995 = -829*i. What is the greatest common divisor of 65 and i?
65
Let t(n) = -n**2 - 17*n - 22. Let d be t(-11). Let q = 43 - d. Let u(o) = 11*o**2 + 1. Let v be u(q). What is the highest common factor of v and 15?
3
Let u = 364 + -342. Suppose 2*l + 5*s + 11 = -2, -3*l - s = 13. Let r be ((-128)/24)/(l/66). Calculate the greatest common divisor of u and r.
22
Let q be ((-4)/8)/(2/(-16)). Suppose 0 = -3*n + 3*d + 429, -n + 719 = q*n - d. Let r = 277 - n. Calculate the greatest common divisor of r and 19.
19
Let x be (3 - (5/3 + 462/(-315)))*10. Calculate the highest common factor of 2114 and x.
14
Let v = 11038 + -10844. What is the greatest common factor of 5238 and v?
194
Let g = 4400 + -4352. What is the highest common factor of 282 and g?
6
Suppose 5*k + 4*x = 154, -11 = -k - 5*x + 3. Let f be (237 - 232) + 63*(3 - 2). What is the greatest common factor of f and k?
34
Suppose -d = -3*a + 20, 0 = -5*d - 12*a + 16*a - 56. Let j be 2/d - 153/(-36). What is the highest common factor of j and 100?
4
Let l be 160/3 - 2/(-3). Let h be -11 + 12 + 1 + -3. Let y be 3*h/2*-12. What is the greatest common factor of l and y?
18
Suppose -5*r + 6916 = -57*r. Let x = r - -149. Suppose l - 46 - 16 = -4*t, -3*t + 3*l = -54. What is the greatest common factor of x and t?
16
Let y(a) = -5*a - 20. Let w be y(-4). Suppose -3*b + 4*b - 241 = w. Suppose -5*u + b - 1 = 0. Calculate the highest common factor of u and 12.
12
Suppose 7*x = 5*x + 54. Let d be 6 - (21/x - 4/(-18)). Calculate the greatest common factor of d and 135.
5
Let p = 131 + -125. Suppose 0 = -5*v + p*v + 3*u - 256, -v + 240 = -5*u. Let x(q) = -5*q - 15. Let g be x(-5). Calculate the greatest common factor of v and g.
10
Suppose 0 = 9*k + 4*a - 140, 27*k - 26*k = -a + 20. Let w(l) = -348*l**3. Let u be w(-1). What is the highest common divisor of k and u?
12
Let d(h) = -h**3 + 15*h**2 - 7*h - 32. Let t = -24 + 38. Let n be d(t). What is the greatest common factor of n and 12?
6
Let p(s) = -4*s + 141. Let c be p(30). Suppose -129 = -5*l + b, 10*l + b = 9*l + c. What is the highest common divisor of l and 70?
5
Let u(j) = j**3 - 15*j**2 + 190*j - 2176. Let b be u(14). What is the highest common factor of 9696 and b?
96
Suppose 4*f - 44 = 40. Suppose f*h - 361 = 1109. What is the highest common factor of 10 and h?
10
Let a be 11917/34 + 6*(-1)/(-4). Calculate the greatest common factor of a and 96.
32
Let u(h) = h**2 + h - 8. Let d be u(-4). Suppose -112 + 0 = -q - 4*p, 0 = -d*p. Suppose 0 = 6*t + 2*t - q. What is the greatest common factor of 112 and t?
14
Suppose 0 = 5*d - 3206 + 2681. What is the greatest common divisor of 21 and d?
21
Suppose 0 = q - 0*q - 12. Suppose -270*p + 10520 = 256*p. What is the highest common factor of p and q?
4
Suppose -2*v - 118 - 226 = 0. Let j = 332 - v. Calculate the highest common factor of 21 and j.
21
Suppose -29*g = -36*g + 28. Suppose -39 = -4*l - 4*i + 53, -g*l + 98 = 2*i. Calculate the highest common factor of l and 312.
26
Suppose 3*q + 4*z - 29 = 0, 4*q - 3*z = 7*q - 24. Suppose 5*j = -5, -3*j + 92 = 8*l - q*l. What is the greatest common divisor of l and 19?
19
Let x be 4/22 - 5838/(-77). Let z(b) = b**3 + 9*b**2 + 96*b + 381. Let j be z(-5). What is the highest common divisor of x and j?
1
Let k = 3848 + 1913. Calculate the greatest common factor of k and 21.
7
Suppose -5*h = -2*k + 4*k + 260, -3*h = 4*k + 170. Let i = 3412 + -3356. Let t = h + i. Calculate the greatest common factor of t and 42.
6
Suppose 0 = 3*y - 5*a - 0*a - 562, y - 5*a = 194. Suppose -37*h + 12 = -99. Let b be 202/606 - (136/h)/(-2). Calculate the greatest common divisor of b and y.
23
Suppose 5*w - 6*w - 4*s = -320, 2*w = s + 604. Calculate the highest common factor of 152 and w.
152
Let z = -2321 + 2338. Suppose 2*a + 4*b - 1058 = 0, 0*a + 2103 = 4*a - 5*b. What is the highest common divisor of z and a?
17
Suppose -2*f = -f - 3*w - 1909, -w = 4*f - 7675. Calculate the highest common factor of 42 and f.
14
Suppose 9*l - 6192 = 1053. What is the greatest common factor of l and 1288?
161
Suppose 31780 = 68*y - 85*y + 37*y. What is the greatest common divisor of 14 and y?
7
Let j = -10005 - -12012. What is the highest common factor of 27 and j?
9
Suppose 0 = 2*v + 4*n - 0*n - 80, 3*n - 126 = -3*v. Let t(d) = -d**2 - 18*d - 33. Let r be t(-17). Let s = v - r. What is the highest common factor of 12 and s?
12
Suppose -3*w + 8 + 7 = -3*f, w = 2. Let l be 3 + 8/(12/f). Let y(o) = 26*o**2 - 4*o + 4. Let k be y(l). Calculate the greatest common factor of k and 208.
26
Suppose 0 = 6*n - 4*n + 2 - 106. Suppose 42 = -0*w + 2*w. Suppose 421 = 3*b + 2*p + w, -4*p + 410 = 3*b. What is the greatest common divisor of n and b?
26
Let s = 285 + 16. Suppose s = 15*a - 164. What is the highest common divisor of a and 31?
31
Su